factors of 2/(i/(-1900)) + (-10)/(-45).
53
Let q(z) = -1. Let j(m) = m - 10. Let k(v) = -j(v) - q(v). Let o be k(-6). Suppose o*g - 6*g = 2321. What are the prime factors of g?
211
Suppose -2*d = 3*n - 34636, -34638 = -8*d + 6*d - 2*n. List the prime factors of d.
17321
Suppose 0 = 4*a + i - 367, 2*a = -a + 5*i + 281. Suppose -j = -a + 15. List the prime factors of j.
7, 11
Suppose -3*a - 2*p = -335, -a + 328 = 2*a - 5*p. Suppose -3*x - a = -438. List the prime factors of x + (1 + 1 - 5).
2, 53
Let m be (-42)/(-21) - (2 + -2). What are the prime factors of m + (-7 - -6) + 1167?
2, 73
Let a(l) = l**3 - 58*l**2 - 54*l + 247. List the prime factors of a(63).
2, 5, 1669
Let q be (3/12)/((-1)/(-12)). Let h be 1 - (0/(-3) + 3/q). Suppose h = -3*x - 0*x + t + 273, 2*t = -4*x + 374. List the prime factors of x.
2, 23
Let u = -136 - -132. List the prime factors of -4 - u/1 - 3230/(-2).
5, 17, 19
Let p be (1 + (-27)/6)/((-6)/(-12)). Let d(x) = x**2 + 4*x - 17. Let a be d(p). Suppose -a*s + 124 = 4. List the prime factors of s.
2, 3, 5
Suppose 24*x - 52*x + 92904 = 0. Suppose -o + 216 = -2*h - 601, 4*o - x = -2*h. What are the prime factors of o?
827
Let w(a) = -a**3 + 15*a**2 + 15*a + 17. Let j be w(16). Suppose 0 - j = 5*f - t, -3*f + 5 = 5*t. Suppose f = -7*c + 146 + 246. What are the prime factors of c?
2, 7
Let u = 2694 - -526. Suppose 6*f = f + u. What are the prime factors of f?
2, 7, 23
Let a(i) = -54*i - 99. Let t be 270/(-20) - 2/(-4). List the prime factors of a(t).
3, 67
List the prime factors of 2776176/68 - (11 + (-4070)/374).
2, 137, 149
Let z(r) = r**3 - 29*r**2 + 44*r - 2. What are the prime factors of z(33)?
2, 2903
Let f(d) = -1 - 9*d + 0 + 2 - 8*d. Let g be f(-4). Let r = g - -27. What are the prime factors of r?
2, 3
Let j = 8583 - 7766. List the prime factors of j.
19, 43
Suppose 674 = 4*s - 5*w, 462 = 3*s - 3*w - 45. Suppose -3*y - 3*n + s = 0, 7*n - 2*n = 4*y - 210. What are the prime factors of (22/y)/(-1 - (-992)/990)?
2, 3, 11
Let n = -18080 + 38066. What are the prime factors of n?
2, 3, 3331
Suppose 0 = 4*b - 2*g + 10, 5*b + 23 - 15 = g. List the prime factors of b/(10/(-15))*2 - -638.
641
Suppose -24*o + 5*o = -45410. Let t = o + -1302. What are the prime factors of t?
2, 17
Let h(b) = 41*b**2 + 7*b - 1842. What are the prime factors of h(-38)?
2, 3, 13, 61
Let j(y) = 1970*y**3 + y**2 - 77*y + 251. List the prime factors of j(3).
19, 2801
Let i be (4 - 6)*(-4 + -4). Let r(y) = -9*y + i + 44*y + 13. What are the prime factors of r(5)?
2, 3, 17
Let t be (3*(-8)/12 - -2)/1. Suppose 0 = -t*h + 5*h - 1040. List the prime factors of h.
2, 13
Let h be 12/8*356/6. Suppose -162*b + 164*b - 98 = 0. Let g = h - b. What are the prime factors of g?
2, 5
Suppose -b - 5*z = -66519, 4*b = 1136*z - 1134*z + 266186. What are the prime factors of b?
2, 4159
Let n = -31574 + 51854. List the prime factors of n.
2, 3, 5, 13
Let y be 10/5*(-3574)/(-4). Let z be ((-9)/((-45)/2185))/1. Suppose 0 = 6*q + z - y. List the prime factors of q.
3, 5
List the prime factors of (-4344)/(-16)*((-87676)/(-966) + (-8)/(-14)).
137, 181
Let u(l) = -12*l**3 + 4*l**2 + 59*l + 31. What are the prime factors of u(-5)?
2, 167
Suppose 390*u - 366*u = 131568. List the prime factors of u.
2, 2741
Suppose 3*x + 30*x = 4*x + 144942. What are the prime factors of x?
2, 3, 7, 17
Let k(y) = -4*y - 6. Let z be k(0). Let c be -2*((-40)/z - -2)*-3. Let t = -6 + c. List the prime factors of t.
2, 23
Let q be -3 - ((-2 - 4) + 1). Suppose -3*o + o + 5*a = -3, 7 = -5*o - q*a. Let k = o - -23. List the prime factors of k.
2, 11
Suppose -28 = 3*p + 44. Let n(s) = s**3 - 2*s**2 - 3*s - 2. Let h be n(-2). What are the prime factors of (h/p)/((-2)/(-744))?
2, 3, 31
List the prime factors of ((-1)/(-3))/((-33)/(-2029698)).
2, 3, 17, 67
Suppose 185*z + 858 = 186*z. Let u(m) = -3*m - 12. Let w be u(-4). Suppose z = 6*r - w*r. List the prime factors of r.
11, 13
Let x(k) = -k**2 + 2*k + 15. Let f be x(5). Suppose f = w - 3 - 112. Suppose 12*n = 2*p + 7*n - w, -5*p - n = -220. List the prime factors of p.
3, 5
Suppose -2*o - 3045790 = -62*o - 50*o. What are the prime factors of o?
27689
Let o(c) = 2*c**3 + 15*c**2 - 11*c - 9. Let s(z) = z**3 + z + 1. Let q(w) = o(w) - 3*s(w). Let f be q(14). What are the prime factors of (-218)/f*-2*-3?
109
Let u(x) = 239*x + 12. List the prime factors of u(11).
19, 139
Suppose 3*w = 2*q - 663, 2*q + 0*q = 4*w + 668. Let u = q + 5. Suppose 91 = 6*v - u. What are the prime factors of v?
2, 5, 7
List the prime factors of (18 - -5)*-6*628/(-12).
2, 23, 157
What are the prime factors of (-1450)/200*(-2 - 550)?
2, 3, 23, 29
Let y be 78*(3 - 7 - -5). Let k = y + -17. List the prime factors of k.
61
Suppose 0 = -18*g + 1329701 - 315617. What are the prime factors of g?
2, 17, 1657
Let h = 15548 - -5517. List the prime factors of h.
5, 11, 383
Let v = -40851 + 58861. What are the prime factors of v?
2, 5, 1801
Suppose -8*a = -7*a + 2. Let s be (a/3)/((-10)/195 + 0). Suppose -4*x - 2*m + 257 = -s, -m + 3 = 0. What are the prime factors of x?
2, 3, 11
Let x(z) = z + 13. Let v be x(-11). Suppose -5*k + 2038 = -y, -k + 2*y + 400 = -v*y. What are the prime factors of k?
2, 3, 17
Suppose -21*w = -14*w + 14. Let h be (w - (-66)/17) + 16/136. Suppose 0 = n - 5*n - 2*y + 158, 3*y = -h*n + 81. List the prime factors of n.
3, 13
Suppose -3*p - 5*k = -2*p - 254, -4*p + 2*k + 994 = 0. Let h = p + -105. List the prime factors of h.
2, 3
Suppose 223*v + 1506 = 226*v. Suppose 0 = v*y - 495*y - 6909. List the prime factors of y.
3, 7, 47
Let d = -129 + 133. Suppose 0 = 4*w + 4*t - 284, 124 = -d*w + 6*w - 4*t. Suppose w*x = 65*x + 690. What are the prime factors of x?
2, 5, 23
Suppose 203 = -p + 3499. List the prime factors of p.
2, 103
Suppose -30*j + 7589 = 2*l - 35*j, -4*j = 5*l - 19088. What are the prime factors of l?
2, 953
Suppose -21*a + 603278 - 290850 = -289705. What are the prime factors of a?
53, 541
Suppose -5*i = d - 35801, -3*d = i - 28075 - 79314. What are the prime factors of d?
2, 3, 19, 157
Suppose -32 = -40*w + 36*w. Suppose -w*z = -7*z. What are the prime factors of 371/14*8 - (1 - z)?
211
Let a = 8451 + -2473. What are the prime factors of a?
2, 7, 61
Let z(n) = 219*n**3 - 15*n**2 + 71*n - 78. What are the prime factors of z(5)?
27277
Let r(k) = -k**2 + 26*k - 149. Let z be r(10). List the prime factors of 0 + 1357 + (-77)/z + 11.
1361
List the prime factors of (3420/(-342))/((-4)/2202).
3, 5, 367
Let a be (5/(-2))/(15/(-12)). Let w be (6 + -2 + 3)/(a/104). Suppose -5*k + w = -2*x - 252, -2*x - 244 = -2*k. List the prime factors of k.
2, 31
Suppose 2*d = -m - 5, -m - 5 = d - 6*d. Suppose -4*a + 9 - 25 = d. What are the prime factors of (0 - -269) + 1*(-6 - a)?
3, 89
Let f(p) = 26*p - 10. Let z be f(0). What are the prime factors of -3*z/(-120) - 2349/(-4)?
587
Let l be 227/((4/8)/(-1)). Suppose 12*i - 1574 = -5462. Let n = i - l. What are the prime factors of n?
2, 5, 13
Let g be 4/10 + (-13)/(-5). Let r(u) = 166*u - 4. Let o(t) = -41*t + 1. Let f(h) = -9*o(h) - 2*r(h). What are the prime factors of f(g)?
2, 5, 11
Suppose 0*r = 34*r - 816. Let i(k) = k**3 - 22*k**2 - 26*k - 58. List the prime factors of i(r).
2, 5, 47
Suppose -39120 = -26*k + 2*k. Suppose 2*y = 4*r - 3*r + 1629, -2*r = -2*y + k. What are the prime factors of y?
2, 11, 37
Let a(b) = -7*b**2 + 39*b - 14. Suppose 2*t - 6*t + 28 = 0. Let q(u) = -4*u**2 + 26*u - 9. Let y(f) = t*q(f) - 5*a(f). What are the prime factors of y(5)?
3, 13
Let g(f) = 251*f - 1371. What are the prime factors of g(27)?
2, 3, 17, 53
Let m be (-90)/(3/(-5) - 9/(-20)). Suppose 0*w - 5*k = 4*w - 521, -5*w = -4*k - m. List the prime factors of w.
2, 31
Let d(n) = -540*n + 11146. List the prime factors of d(-14).
2, 47, 199
Let a = 27724 + 12495. What are the prime factors of a?
37, 1087
Suppose 4*m + 4*g - 41272 = 0, 17*g - 14*g + 10314 = m. List the prime factors of m.
3, 19, 181
Suppose 28*p - 23354 = 27270. List the prime factors of p.
2, 113
Let g = 22269 + -227. List the prime factors of g.
2, 103, 107
Let a = 45 + -25. Suppose -5*v = -55 + a. Suppose -v*t = -544 - 268. What are the prime factors of t?
2, 29
Suppose 0 = 5*y - 35 + 15. What are the prime factors of (y - 6)/(8/12) - -1109?
2, 7, 79
Suppose 18*u - 20*u - 18